{"id":749,"date":"2018-05-10T17:59:01","date_gmt":"2018-05-10T16:59:01","guid":{"rendered":"https:\/\/www.reevenements.org\/?page_id=749"},"modified":"2022-01-23T17:22:29","modified_gmt":"2022-01-23T16:22:29","slug":"plan-fete-de-la-musique-2018","status":"publish","type":"page","link":"https:\/\/www.reevenements.org\/index.php\/plan-fete-de-la-musique-2018\/","title":{"rendered":"plan f\u00eate de la musique 2018"},"content":{"rendered":"<p><a href=\"https:\/\/www.reevenements.org\/wp-content\/uploads\/2018\/05\/Situation-des-sc\u00e8nes-2.jpg\"><img loading=\"lazy\" class=\"aligncenter wp-image-750 size-full\" src=\"https:\/\/www.reevenements.org\/wp-content\/uploads\/2018\/05\/Situation-des-sc\u00e8nes-2.jpg\" alt=\"\" width=\"8631\" height=\"6102\" srcset=\"https:\/\/www.reevenements.org\/wp-content\/uploads\/2018\/05\/Situation-des-sc\u00e8nes-2.jpg 8631w, https:\/\/www.reevenements.org\/wp-content\/uploads\/2018\/05\/Situation-des-sc\u00e8nes-2-300x212.jpg 300w, https:\/\/www.reevenements.org\/wp-content\/uploads\/2018\/05\/Situation-des-sc\u00e8nes-2-768x543.jpg 768w, https:\/\/www.reevenements.org\/wp-content\/uploads\/2018\/05\/Situation-des-sc\u00e8nes-2-1024x724.jpg 1024w\" sizes=\"(max-width: 8631px) 100vw, 8631px\" \/><\/a><\/p>\n<p style=\"text-align: center;\">R\u00e9partition des sc\u00e8nes<\/p>\n<p style=\"text-align: center;\">F\u00eate de la musique 2018<\/p>\n\n\n<figure class=\"wp-block-image size-large\"><img loading=\"lazy\" width=\"724\" height=\"1024\" src=\"https:\/\/www.reevenements.org\/wp-content\/uploads\/2022\/01\/affiche-fete-de-la-musique-2018-page-001-724x1024.jpg\" alt=\"\" class=\"wp-image-1430\" srcset=\"https:\/\/www.reevenements.org\/wp-content\/uploads\/2022\/01\/affiche-fete-de-la-musique-2018-page-001-724x1024.jpg 724w, https:\/\/www.reevenements.org\/wp-content\/uploads\/2022\/01\/affiche-fete-de-la-musique-2018-page-001-212x300.jpg 212w, https:\/\/www.reevenements.org\/wp-content\/uploads\/2022\/01\/affiche-fete-de-la-musique-2018-page-001-768x1086.jpg 768w, https:\/\/www.reevenements.org\/wp-content\/uploads\/2022\/01\/affiche-fete-de-la-musique-2018-page-001-1086x1536.jpg 1086w, https:\/\/www.reevenements.org\/wp-content\/uploads\/2022\/01\/affiche-fete-de-la-musique-2018-page-001-1448x2048.jpg 1448w, https:\/\/www.reevenements.org\/wp-content\/uploads\/2022\/01\/affiche-fete-de-la-musique-2018-page-001-scaled.jpg 1811w\" sizes=\"(max-width: 724px) 100vw, 724px\" \/><\/figure>\n\n\n\n<figure class=\"wp-block-image size-large\"><img loading=\"lazy\" width=\"724\" height=\"1024\" src=\"https:\/\/www.reevenements.org\/wp-content\/uploads\/2022\/01\/dauphine-LMD-Prog-fete-musique-page-001-1-724x1024.jpg\" alt=\"\" class=\"wp-image-1595\" srcset=\"https:\/\/www.reevenements.org\/wp-content\/uploads\/2022\/01\/dauphine-LMD-Prog-fete-musique-page-001-1-724x1024.jpg 724w, https:\/\/www.reevenements.org\/wp-content\/uploads\/2022\/01\/dauphine-LMD-Prog-fete-musique-page-001-1-212x300.jpg 212w, https:\/\/www.reevenements.org\/wp-content\/uploads\/2022\/01\/dauphine-LMD-Prog-fete-musique-page-001-1-768x1086.jpg 768w, https:\/\/www.reevenements.org\/wp-content\/uploads\/2022\/01\/dauphine-LMD-Prog-fete-musique-page-001-1-1086x1536.jpg 1086w, https:\/\/www.reevenements.org\/wp-content\/uploads\/2022\/01\/dauphine-LMD-Prog-fete-musique-page-001-1-1448x2048.jpg 1448w, https:\/\/www.reevenements.org\/wp-content\/uploads\/2022\/01\/dauphine-LMD-Prog-fete-musique-page-001-1-scaled.jpg 1810w\" sizes=\"(max-width: 724px) 100vw, 724px\" \/><\/figure>\n","protected":false},"excerpt":{"rendered":"<p>R\u00e9partition des sc\u00e8nes F\u00eate de la musique 2018<\/p>\n","protected":false},"author":2,"featured_media":0,"parent":0,"menu_order":0,"comment_status":"closed","ping_status":"closed","template":"","meta":[],"_links":{"self":[{"href":"https:\/\/www.reevenements.org\/index.php\/wp-json\/wp\/v2\/pages\/749"}],"collection":[{"href":"https:\/\/www.reevenements.org\/index.php\/wp-json\/wp\/v2\/pages"}],"about":[{"href":"https:\/\/www.reevenements.org\/index.php\/wp-json\/wp\/v2\/types\/page"}],"author":[{"embeddable":true,"href":"https:\/\/www.reevenements.org\/index.php\/wp-json\/wp\/v2\/users\/2"}],"replies":[{"embeddable":true,"href":"https:\/\/www.reevenements.org\/index.php\/wp-json\/wp\/v2\/comments?post=749"}],"version-history":[{"count":4,"href":"https:\/\/www.reevenements.org\/index.php\/wp-json\/wp\/v2\/pages\/749\/revisions"}],"predecessor-version":[{"id":1596,"href":"https:\/\/www.reevenements.org\/index.php\/wp-json\/wp\/v2\/pages\/749\/revisions\/1596"}],"wp:attachment":[{"href":"https:\/\/www.reevenements.org\/index.php\/wp-json\/wp\/v2\/media?parent=749"}],"curies":[{"name":"wp","href":"https:\/\/api.w.org\/{rel}","templated":true}]}}