{"id":83,"date":"2017-03-31T21:25:32","date_gmt":"2017-03-31T20:25:32","guid":{"rendered":"http:\/\/www.reevenements.org\/?page_id=83"},"modified":"2025-01-02T21:02:07","modified_gmt":"2025-01-02T20:02:07","slug":"accueil","status":"publish","type":"page","link":"https:\/\/www.reevenements.org\/","title":{"rendered":"Accueil"},"content":{"rendered":"<p>\u00a0<\/p>\n<h4 style=\"text-align: center;\"><a href=\"https:\/\/www.reevenements.org\/wp-content\/uploads\/2017\/09\/21192018_1229461360532821_5911425220173783623_n.jpg\"><img loading=\"lazy\" class=\"alignnone wp-image-575 \" src=\"https:\/\/www.reevenements.org\/wp-content\/uploads\/2017\/09\/21192018_1229461360532821_5911425220173783623_n.jpg\" alt=\"\" width=\"600\" height=\"211\" srcset=\"https:\/\/www.reevenements.org\/wp-content\/uploads\/2017\/09\/21192018_1229461360532821_5911425220173783623_n.jpg 503w, https:\/\/www.reevenements.org\/wp-content\/uploads\/2017\/09\/21192018_1229461360532821_5911425220173783623_n-300x106.jpg 300w\" sizes=\"(max-width: 600px) 100vw, 600px\" \/><\/a><\/h4>\n<p>\u00a0<\/p>\n<hr \/>\n<p><b> ROCK ENERGIE EVENEMENTS<\/b> est une association r\u00e9gie par la loi du 1er juillet 1901 et du d\u00e9cret du 16 aout 1901 . Elle remplace l\u2019Office Municipal des Associations (OMARE depuis le 10 juin 2014 puis Reignier-Esery-Ev\u00e8nements le 27.12.2019)\u00a0<\/p>\n<p>REEVE a pour objet, en partenariat avec les municipalit\u00e9s d\u00e9sireuses d\u2019organiser\u00a0sur leur territoire:<\/p>\n<ul>\n<li>Des \u00e9v\u00e8nements culturels, manifestations, concerts de musique<\/li>\n<li>F\u00eate de la musique<\/li>\n<li>Ainsi que des \u00e9v\u00e8nements musicaux pour des soci\u00e9t\u00e9s priv\u00e9s.<\/li>\n<\/ul>\n<p style=\"text-align: center;\">D\u2019\u00e9tablir un lien entre les diff\u00e9rentes associations locales et de solliciter leur aide<\/p>\n<p>&#8230;&#8230;&#8230;&#8230;&#8230;&#8230;&#8230;&#8230;&#8230;&#8230;&#8230;&#8230;&#8230;&#8230;&#8230;&#8230;&#8230;&#8230;&#8230;&#8230;&#8230;&#8230;&#8230;&#8230;&#8230;&#8230;&#8230;&#8230;&#8230;&#8230;&#8230;&#8230;&#8230;&#8230;&#8230;&#8230;&#8230;&#8230;&#8230;&#8230;&#8230;&#8230;&#8230;&#8230;&#8230;&#8230;&#8230;<\/p>\n<h1>\u00a0 \u00a0 \u00a0 \u00a0Tribute <span style=\"color: #ff0000;\"><strong>TELEPHONE <\/strong><\/span><\/h1>\n<h4>\u00a0 \u00a0 \u00a0 \u00a0 \u00a0 \u00a0 \u00a0 \u00a0 \u00a0 \u00a0avec le groupe<span style=\"color: #ff0000;\"> INTERPHONE<\/span><\/h4>\n<div dir=\"auto\">L&rsquo;Association REEVE vous propose L&rsquo;un des meilleurs Tribute Fran\u00e7ais, de TELEPEHONE, un hommage au plus grand groupe de rock Fran\u00e7ais au travers des plus grands succ\u00e8s \u00bb Places limit\u00e9es faites vite, R\u00e9servation d\u00e8s maintenant ici <span class=\"x3nfvp2 x1j61x8r x1fcty0u xdj266r xhhsvwb xat24cr xgzva0m xxymvpz xlup9mm x1kky2od\"><img loading=\"lazy\" class=\"xz74otr\" src=\"https:\/\/static.xx.fbcdn.net\/images\/emoji.php\/v9\/ta8\/1.5\/16\/1f447.png\" alt=\"&#x1f447;\" width=\"16\" height=\"16\" \/><\/span><span class=\"x3nfvp2 x1j61x8r x1fcty0u xdj266r xhhsvwb xat24cr xgzva0m xxymvpz xlup9mm x1kky2od\"><img loading=\"lazy\" class=\"xz74otr\" src=\"https:\/\/static.xx.fbcdn.net\/images\/emoji.php\/v9\/ta8\/1.5\/16\/1f447.png\" alt=\"&#x1f447;\" width=\"16\" height=\"16\" \/><\/span><\/div>\n<div dir=\"auto\"><a class=\"x1i10hfl xjbqb8w x6umtig x1b1mbwd xaqea5y xav7gou x9f619 x1ypdohk xt0psk2 xe8uvvx xdj266r x11i5rnm xat24cr x1mh8g0r xexx8yu x4uap5 x18d9i69 xkhd6sd x16tdsg8 x1hl2dhg xggy1nq x1a2a7pz xt0b8zv x1fey0fg\" tabindex=\"0\" role=\"link\" href=\"https:\/\/www.billetweb.fr\/tribute-telephone?fbclid=IwAR2dUpmYnB2-PMHY7E3JMD_iz70MCKXhCoNmZtjsgsaqDROX66_DSWAULZE\" target=\"_blank\" rel=\"nofollow noopener noreferrer\">https:\/\/www.billetweb.fr\/tribute-telephone<\/a><\/div>\n<p>\u00a0<\/p>\n\n\n<figure class=\"wp-block-image size-large\"><img loading=\"lazy\" width=\"739\" height=\"1024\" src=\"https:\/\/www.reevenements.org\/wp-content\/uploads\/2024\/01\/Tribute-TELEPHONE-Interphone-v10-3-739x1024.jpg\" alt=\"\" class=\"wp-image-1697\" srcset=\"https:\/\/www.reevenements.org\/wp-content\/uploads\/2024\/01\/Tribute-TELEPHONE-Interphone-v10-3-739x1024.jpg 739w, https:\/\/www.reevenements.org\/wp-content\/uploads\/2024\/01\/Tribute-TELEPHONE-Interphone-v10-3-217x300.jpg 217w, https:\/\/www.reevenements.org\/wp-content\/uploads\/2024\/01\/Tribute-TELEPHONE-Interphone-v10-3-768x1064.jpg 768w, https:\/\/www.reevenements.org\/wp-content\/uploads\/2024\/01\/Tribute-TELEPHONE-Interphone-v10-3-1109x1536.jpg 1109w, https:\/\/www.reevenements.org\/wp-content\/uploads\/2024\/01\/Tribute-TELEPHONE-Interphone-v10-3-1479x2048.jpg 1479w, https:\/\/www.reevenements.org\/wp-content\/uploads\/2024\/01\/Tribute-TELEPHONE-Interphone-v10-3.jpg 1535w\" sizes=\"(max-width: 739px) 100vw, 739px\" \/><\/figure>\n\n\n\n<p><\/p>\n\n\n\n<p><\/p>\n\n\n\n<p><\/p>\n\n\n\n<p>Exceptionnel !<br>The Watch Plays GENESIS en tourn\u00e9e Europ\u00e9enne le 26 Mai 2023 \u00e0 l&rsquo;Agora de BONNEVILLE \u00e0 20h.<br>Steve Hackett (guitariste principal Genesis) dit : \u00ab\u00a0The Watch est un groupe de personnes tr\u00e8s talentueuses et je les recommande !<br>Un hommage au mythique groupe GENESIS au travers des plus grand succ\u00e8s comme Squonk, Firth of Fifth, Supper&rsquo;s Ready, ou encore Ripples et bien d\u2019autres\u2026.<br>En premi\u00e8re partie, le groupe TIMELESS<br><br>Pr\u00e9vente des billets sur :<br><a href=\"https:\/\/www.billetweb.fr\/the-watch-plays-genesis\">https:\/\/www.billetweb.fr\/the-watch-plays-genesis<\/a><br><strong>Tarifs : 25\u20ac<\/strong><br>Billets en vente sur place le 26 mai d\u00e8s 19h\u00a0? <a href=\"mailto:contact@reevenements.org\">contact@reevenements.org<\/a><\/p>\n\n\n\n<p>.<strong><\/strong><\/p>\n\n\n\n<figure class=\"wp-block-image size-large\"><img loading=\"lazy\" width=\"724\" height=\"1024\" src=\"https:\/\/www.reevenements.org\/wp-content\/uploads\/2023\/04\/The-Watch-Plays-GENESIS-Affiche-A0-A1-A3-Susette-1-1-724x1024.jpg\" alt=\"\" class=\"wp-image-1676\" srcset=\"https:\/\/www.reevenements.org\/wp-content\/uploads\/2023\/04\/The-Watch-Plays-GENESIS-Affiche-A0-A1-A3-Susette-1-1-724x1024.jpg 724w, https:\/\/www.reevenements.org\/wp-content\/uploads\/2023\/04\/The-Watch-Plays-GENESIS-Affiche-A0-A1-A3-Susette-1-1-212x300.jpg 212w, https:\/\/www.reevenements.org\/wp-content\/uploads\/2023\/04\/The-Watch-Plays-GENESIS-Affiche-A0-A1-A3-Susette-1-1-768x1086.jpg 768w, https:\/\/www.reevenements.org\/wp-content\/uploads\/2023\/04\/The-Watch-Plays-GENESIS-Affiche-A0-A1-A3-Susette-1-1-1086x1536.jpg 1086w, https:\/\/www.reevenements.org\/wp-content\/uploads\/2023\/04\/The-Watch-Plays-GENESIS-Affiche-A0-A1-A3-Susette-1-1-1448x2048.jpg 1448w, https:\/\/www.reevenements.org\/wp-content\/uploads\/2023\/04\/The-Watch-Plays-GENESIS-Affiche-A0-A1-A3-Susette-1-1-scaled.jpg 1810w\" sizes=\"(max-width: 724px) 100vw, 724px\" \/><\/figure>\n\n\n\n<figure class=\"wp-block-image size-large\"><img loading=\"lazy\" width=\"724\" height=\"1024\" src=\"https:\/\/www.reevenements.org\/wp-content\/uploads\/2023\/01\/U2-experience-annonce-officiel-avec-QRcode-ODS-radio-724x1024.jpg\" alt=\"\" class=\"wp-image-1662\" srcset=\"https:\/\/www.reevenements.org\/wp-content\/uploads\/2023\/01\/U2-experience-annonce-officiel-avec-QRcode-ODS-radio-724x1024.jpg 724w, https:\/\/www.reevenements.org\/wp-content\/uploads\/2023\/01\/U2-experience-annonce-officiel-avec-QRcode-ODS-radio-212x300.jpg 212w, https:\/\/www.reevenements.org\/wp-content\/uploads\/2023\/01\/U2-experience-annonce-officiel-avec-QRcode-ODS-radio-768x1086.jpg 768w, https:\/\/www.reevenements.org\/wp-content\/uploads\/2023\/01\/U2-experience-annonce-officiel-avec-QRcode-ODS-radio-1086x1536.jpg 1086w, https:\/\/www.reevenements.org\/wp-content\/uploads\/2023\/01\/U2-experience-annonce-officiel-avec-QRcode-ODS-radio-1448x2048.jpg 1448w, https:\/\/www.reevenements.org\/wp-content\/uploads\/2023\/01\/U2-experience-annonce-officiel-avec-QRcode-ODS-radio-scaled.jpg 1810w\" sizes=\"(max-width: 724px) 100vw, 724px\" \/><figcaption>https:\/\/www.billetweb.fr\/u2-experience-by-four-ever-one&amp;src=agenda<\/figcaption><\/figure>\n\n\n\n<figure class=\"wp-block-image size-large\"><img loading=\"lazy\" width=\"739\" height=\"1024\" src=\"https:\/\/www.reevenements.org\/wp-content\/uploads\/2021\/11\/Affiche-tribute-sept-2021-V7.5-1-739x1024.jpg\" alt=\"\" class=\"wp-image-1359\" srcset=\"https:\/\/www.reevenements.org\/wp-content\/uploads\/2021\/11\/Affiche-tribute-sept-2021-V7.5-1-739x1024.jpg 739w, https:\/\/www.reevenements.org\/wp-content\/uploads\/2021\/11\/Affiche-tribute-sept-2021-V7.5-1-217x300.jpg 217w, https:\/\/www.reevenements.org\/wp-content\/uploads\/2021\/11\/Affiche-tribute-sept-2021-V7.5-1-768x1064.jpg 768w, https:\/\/www.reevenements.org\/wp-content\/uploads\/2021\/11\/Affiche-tribute-sept-2021-V7.5-1-1109x1536.jpg 1109w, https:\/\/www.reevenements.org\/wp-content\/uploads\/2021\/11\/Affiche-tribute-sept-2021-V7.5-1-1479x2048.jpg 1479w, https:\/\/www.reevenements.org\/wp-content\/uploads\/2021\/11\/Affiche-tribute-sept-2021-V7.5-1.jpg 1535w\" sizes=\"(max-width: 739px) 100vw, 739px\" \/><\/figure>\n\n\n\n<figure class=\"wp-block-image size-large\"><img loading=\"lazy\" width=\"724\" height=\"1024\" src=\"https:\/\/www.reevenements.org\/wp-content\/uploads\/2021\/11\/Tribute-Supertramp-V4.1-724x1024.jpg\" alt=\"\" class=\"wp-image-1360\" srcset=\"https:\/\/www.reevenements.org\/wp-content\/uploads\/2021\/11\/Tribute-Supertramp-V4.1-724x1024.jpg 724w, https:\/\/www.reevenements.org\/wp-content\/uploads\/2021\/11\/Tribute-Supertramp-V4.1-212x300.jpg 212w, https:\/\/www.reevenements.org\/wp-content\/uploads\/2021\/11\/Tribute-Supertramp-V4.1-768x1087.jpg 768w, https:\/\/www.reevenements.org\/wp-content\/uploads\/2021\/11\/Tribute-Supertramp-V4.1.jpg 793w\" sizes=\"(max-width: 724px) 100vw, 724px\" \/><\/figure>\n\n\n\n<p><\/p>\n\n\n\n<p><\/p>\n\n\n\n<p><\/p>\n","protected":false},"excerpt":{"rendered":"<p>\u00a0 \u00a0 ROCK ENERGIE EVENEMENTS est une association r\u00e9gie par la loi du 1er juillet 1901 et du d\u00e9cret du 16 aout 1901 . Elle remplace l\u2019Office Municipal des Associations<\/p>\n<p class=\"more-link\"><a href=\"https:\/\/www.reevenements.org\/\" class=\"readmore\">Continue reading<span class=\"screen-reader-text\">Accueil<\/span><\/a><\/p>\n","protected":false},"author":2,"featured_media":0,"parent":0,"menu_order":0,"comment_status":"closed","ping_status":"closed","template":"","meta":[],"_links":{"self":[{"href":"https:\/\/www.reevenements.org\/index.php\/wp-json\/wp\/v2\/pages\/83"}],"collection":[{"href":"https:\/\/www.reevenements.org\/index.php\/wp-json\/wp\/v2\/pages"}],"about":[{"href":"https:\/\/www.reevenements.org\/index.php\/wp-json\/wp\/v2\/types\/page"}],"author":[{"embeddable":true,"href":"https:\/\/www.reevenements.org\/index.php\/wp-json\/wp\/v2\/users\/2"}],"replies":[{"embeddable":true,"href":"https:\/\/www.reevenements.org\/index.php\/wp-json\/wp\/v2\/comments?post=83"}],"version-history":[{"count":29,"href":"https:\/\/www.reevenements.org\/index.php\/wp-json\/wp\/v2\/pages\/83\/revisions"}],"predecessor-version":[{"id":1699,"href":"https:\/\/www.reevenements.org\/index.php\/wp-json\/wp\/v2\/pages\/83\/revisions\/1699"}],"wp:attachment":[{"href":"https:\/\/www.reevenements.org\/index.php\/wp-json\/wp\/v2\/media?parent=83"}],"curies":[{"name":"wp","href":"https:\/\/api.w.org\/{rel}","templated":true}]}}